en 108 is divided by 2.
0
What is the remainder when 28512 is divided by 106?
104
What is the remainder when 21 is divided by 11?
10
What is the remainder when 38 is divided by 34?
4
Calculate the remainder when 216 is divided by 28.
20
Calculate the remainder when 84 is divided by 50.
34
Calculate the remainder when 2124 is divided by 3.
0
What is the remainder when 1337 is divided by 44?
17
What is the remainder when 342 is divided by 19?
0
What is the remainder when 28834 is divided by 12?
10
Calculate the remainder when 1734 is divided by 76.
62
Calculate the remainder when 168 is divided by 86.
82
What is the remainder when 2349 is divided by 94?
93
What is the remainder when 158 is divided by 8?
6
What is the remainder when 19375 is divided by 68?
63
What is the remainder when 2871 is divided by 23?
19
What is the remainder when 487 is divided by 49?
46
Calculate the remainder when 282 is divided by 98.
86
What is the remainder when 11579 is divided by 12?
11
What is the remainder when 328 is divided by 83?
79
Calculate the remainder when 240 is divided by 9.
6
What is the remainder when 3564 is divided by 29?
26
Calculate the remainder when 121 is divided by 40.
1
Calculate the remainder when 41988 is divided by 211.
210
What is the remainder when 4312 is divided by 30?
22
What is the remainder when 65 is divided by 62?
3
What is the remainder when 251 is divided by 49?
6
What is the remainder when 134 is divided by 34?
32
Calculate the remainder when 369 is divided by 53.
51
Calculate the remainder when 5191 is divided by 2588.
15
What is the remainder when 1881 is divided by 208?
9
Calculate the remainder when 48 is divided by 5.
3
What is the remainder when 229 is divided by 46?
45
Calculate the remainder when 65 is divided by 14.
9
Calculate the remainder when 763 is divided by 198.
169
Calculate the remainder when 720 is divided by 143.
5
What is the remainder when 1325 is divided by 222?
215
What is the remainder when 1092 is divided by 300?
192
Calculate the remainder when 548 is divided by 25.
23
What is the remainder when 87 is divided by 50?
37
What is the remainder when 5439 is divided by 33?
27
What is the remainder when 394 is divided by 65?
4
What is the remainder when 1470 is divided by 32?
30
Calculate the remainder when 871 is divided by 109.
108
Calculate the remainder when 997 is divided by 118.
53
Calculate the remainder when 264 is divided by 21.
12
What is the remainder when 154 is divided by 35?
14
Calculate the remainder when 592 is divided by 281.
30
Calculate the remainder when 451 is divided by 76.
71
What is the remainder when 70 is divided by 15?
10
Calculate the remainder when 130 is divided by 44.
42
What is the remainder when 774 is divided by 230?
84
What is the remainder when 911 is divided by 83?
81
What is the remainder when 1656 is divided by 26?
18
Calculate the remainder when 257 is divided by 66.
59
Calculate the remainder when 283 is divided by 225.
58
What is the remainder when 59 is divided by 16?
11
What is the remainder when 414 is divided by 35?
29
What is the remainder when 147 is divided by 17?
11
Calculate the remainder when 233 is divided by 59.
56
What is the remainder when 142 is divided by 29?
26
Calculate the remainder when 1169 is divided by 376.
41
What is the remainder when 134 is divided by 116?
18
What is the remainder when 2167 is divided by 14?
11
Calculate the remainder when 3810 is divided by 292.
14
Calculate the remainder when 392 is divided by 11.
7
Calculate the remainder when 33 is divided by 2.
1
What is the remainder when 145 is divided by 37?
34
Calculate the remainder when 976 is divided by 11.
8
What is the remainder when 1087 is divided by 38?
23
What is the remainder when 258 is divided by 257?
1
Calculate the remainder when 138 is divided by 40.
18
What is the remainder when 909 is divided by 14?
13
What is the remainder when 2698 is divided by 5?
3
What is the remainder when 36 is divided by 8?
4
Calculate the remainder when 6966 is divided by 75.
66
Calculate the remainder when 141 is divided by 28.
1
Calculate the remainder when 550 is divided by 104.
30
What is the remainder when 8422 is divided by 15?
7
Calculate the remainder when 2826 is divided by 35.
26
What is the remainder when 2319 is divided by 211?
209
What is the remainder when 605 is divided by 28?
17
What is the remainder when 14275 is divided by 17?
12
What is the remainder when 181 is divided by 86?
9
What is the remainder when 214 is divided by 74?
66
What is the remainder when 1589 is divided by 521?
26
Calculate the remainder when 809 is divided by 21.
11
What is the remainder when 419 is divided by 71?
64
Calculate the remainder when 326 is divided by 37.
30
Calculate the remainder when 13461 is divided by 106.
105
What is the remainder when 286 is divided by 100?
86
What is the remainder when 2202 is divided by 317?
300
What is the remainder when 125 is divided by 33?
26
What is the remainder when 30063 is divided by 35?
33
Calculate the remainder when 470 is divided by 17.
11
What is the remainder when 1276 is divided by 6?
4
What is the remainder when 382 is divided by 198?
184
What is the remainder when 162 is divided by 33?
30
What is the remainder when 89 is divided by 26?
11
What is the remainder when 66 is divided by 23?
20
Calculate the remainder when 312 is divided by 113.
86
Calculate the remainder when 200 is divided by 80.
40
Calculate the remainder when 225 is divided by 22.
5
What is the remainder when 2491 is divided by 86?
83
What is the remainder when 140 is divided by 32?
12
What is the remainder when 287 is divided by 32?
31
Calculate the remainder when 907 is divided by 7.
4
Calculate the remainder when 827 is divided by 272.
11
Calculate the remainder when 22570 is divided by 15.
10
What is the remainder when 281 is divided by 71?
68
What is the remainder when 2551 is divided by 5?
1
What is the remainder when 608 is divided by 27?
14
Calculate the remainder when 345 is divided by 6.
3
What is the remainder when 121 is divided by 55?
11
Calculate the remainder when 188 is divided by 80.
28
What is the remainder when 259 is divided by 115?
29
What is the remainder when 60 is divided by 52?
8
What is the remainder when 572 is divided by 104?
52
Calculate the remainder when 75 is divided by 2.
1
What is the remainder when 4529 is divided by 51?
41
What is the remainder when 1412 is divided by 14?
12
Calculate the remainder when 597 is divided by 60.
57
Calculate the remainder when 877 is divided by 224.
205
What is the remainder when 524 is divided by 31?
28
Calculate the remainder when 54 is divided by 12.
6
What is the remainder when 1362 is divided by 230?
212
Calculate the remainder when 93 is divided by 29.
6
Calculate the remainder when 552 is divided by 113.
100
Calculate the remainder when 414 is divided by 51.
6
Calculate the remainder when 25191 is divided by 268.
267
What is the remainder when 9635 is divided by 189?
185
What is the remainder when 2923 is divided by 14?
11
Calculate the remainder when 771 is divided by 497.
274
Calculate the remainder when 123 is divided by 95.
28
What is the remainder when 2298 is divided by 109?
9
Calculate the remainder when 231 is divided by 48.
39
Calculate the remainder when 758 is divided by 11.
10
Calculate the remainder when 6562 is divided by 37.
13
Calculate the remainder when 203 is divided by 100.
3
What is the remainder when 913 is divided by 64?
17
Calculate the remainder when 99 is divided by 23.
7
Calculate the remainder when 96 is divided by 52.
44
What is the remainder when 280 is divided by 57?
52
What is the remainder when 5905 is divided by 179?
177
What is the remainder when 1773 is divided by 125?
23
Calculate the remainder when 7495 is divided by 21.
19
Calculate the remainder when 286 is divided by 75.
61
Calculate the remainder when 51 is divided by 19.
13
What is the remainder when 304 is divided by 73?
12
What is the remainder when 733 is divided by 148?
141
Calculate the remainder when 108 is divided by 18.
0
Calculate the remainder when 508 is divided by 85.
83
What is the remainder when 143 is divided by 41?
20
Calculate the remainder when 311 is divided by 63.
59
What is the remainder when